= n - 6. Let j(i) = -14*i**2 + 1. Calculate j(m).
-13
Let z(g) = 2*g - 20. Suppose 0 = -3*x + 4*o + 46, -x + 12*o = 10*o - 18. Determine z(x).
0
Let z(p) = 10*p - 16. Let d(x) = -3*x + 5. Suppose -2*q + 4*w - 24 = 0, 0 = -2*q - 5*w + 2 + 19. Let l(y) = q*z(y) - 7*d(y). Calculate l(6).
3
Let h(r) = -2*r**2 - 749 + 366 + 378 - 5*r + 0*r**2. Calculate h(-4).
-17
Suppose 0 = 2*x - 4*c + 4 - 14, -5*x + 5*c = -25. Suppose 5*n - 36 = -x*r - 6, 4*r - 24 = 5*n. Let l(v) = -2*v - v**2 - 9*v - 6 + r*v. What is l(-4)?
-2
Let l(d) be the second derivative of -d**3/3 + d**2/2 - d + 21. What is l(10)?
-19
Let c(o) = -1432 + o + 714 - 4*o**2 + 719. Determine c(3).
-32
Let n(z) be the second derivative of z**4/24 - 7*z**3/6 + 7*z**2 + 16*z. Let m(h) be the first derivative of n(h). Give m(-6).
-13
Suppose 2*f + 9 - 5 = 0. Let y = 1 + f. Let l(q) = -q**3 + q. Calculate l(y).
0
Let c(s) be the second derivative of -s**5/20 - s**4/4 - s**3/2 - 2*s**2 + 2*s + 2. Let u(v) = -v - 1. Let a be u(2). Give c(a).
5
Let q be (3 + (0 - 1))*(0 + 3). Let y(b) = -b**3 + 11*b**2 + b. Let t(r) = r**2 - r. Let c(z) = -6*t(z) + y(z). Calculate c(q).
6
Let y(v) = v - 6. Let j(c) = c**2 + 4*c - 9. Let x be j(3). Let a = x - 3. Calculate y(a).
3
Let j = 34 - 31. Let m(s) be the second derivative of 0*s**2 - 1/6*s**j - 8*s + 0. Determine m(2).
-2
Let c(z) be the second derivative of 13*z + 2/3*z**3 - 1/3*z**4 + 1/20*z**5 + 0 - z**2. Determine c(4).
14
Let t(h) = 7*h**3 - 16*h**2 + 15*h + 6. Let s(g) = 3*g**3 - 8*g**2 + 7*g + 3. Let x(a) = -5*s(a) + 2*t(a). Let j be (1 + 1)*(-14)/(-4). Give x(j).
11
Let h(o) = -o - 2. Let a be (-2196)/(-28) + (-3)/7. Suppose c = 4*c - a. Suppose 5*k + g = -c, 5*k = -3*g - 16 - 2. Give h(k).
4
Let a(c) = -2*c**2 - 5*c - 2. Let t(z) = -z + 2. Let q(y) = y + 5. Let m be q(0). Let l be t(m). Determine a(l).
-5
Let t(h) be the third derivative of 0 + 9*h**2 + 1/3*h**4 - 1/60*h**5 - h**3 + 0*h. Determine t(8).
-6
Let d(c) be the third derivative of -c**6/120 + c**5/12 + c**4/12 - c**3/2 + c**2. Let x = 21 + -23. Let f be (-2)/2*-3 - x. Calculate d(f).
7
Suppose 9*n - 8 + 17 = 0. Let j(f) = 26*f. Let i(l) be the second derivative of l**3/6 + 2*l. Let a(s) = n*j(s) + 13*i(s). Give a(-1).
13
Suppose -r + 3 = 1. Let b(f) = -r - 2*f + 1 + 0 - 2*f. Let a be (-9)/(-3) + -5 - (0 - 1). Give b(a).
3
Let o = -125 + 127. Let r(b) = b**3 - b**2 + b - 2. Calculate r(o).
4
Let d(g) = -g**2 + 4*g + 7. Let n be d(5). Let y(j) = 11 - 4 - n*j - 8 - 9*j**2. Calculate y(-1).
-8
Let c(l) = -2*l**3 + 6 - 67*l - 2 - 1 + 63*l + l**3. Let n(z) = -2*z - 1. Let r be n(-3). Suppose 5*y + 5*o = -r, y - 8 + 21 = -5*o. Calculate c(y).
-13
Suppose o + 3*i = 0, -7*o + 4*o + 4*i = -26. Let d(q) be the third derivative of q**6/120 - 7*q**5/60 + q**4/6 + q**3 + q**2. What is d(o)?
-6
Let q(b) = 6*b + 3. Suppose -38*k = -53*k - 45. What is q(k)?
-15
Let k(p) = p**2 + 9*p + 6. Let q be k(-8). Let v(o) be the first derivative of o**3/3 + 2*o**2 + 3*o - 7. Determine v(q).
-1
Let q(j) = j**3 + 3*j**2 + 12*j + 14. Let v be q(-4). Let o = v - -53. Let m(i) = 4*i - 3. Determine m(o).
9
Let o(c) be the second derivative of -c**4/6 - 2*c**3/3 + 5*c**2/2 - 11*c + 6. Determine o(-5).
-25
Suppose o = -2*l - 11, 5*l - 10*l = -4*o + 21. Let t(f) be the first derivative of -f**2/2 - 3*f + 1. Give t(l).
2
Let a(w) = 21*w - 703. Let v be a(33). Let i(y) = -y**2 - 12*y - 6. Determine i(v).
14
Let t(c) be the first derivative of c**2/2 - 2*c + 365. Give t(7).
5
Let n be (-9)/(-6)*4/(-3)*-1. Suppose 0 = 7*l - 5*l - n. Let t(d) = 8*d - 1. Calculate t(l).
7
Let s(b) = b + 1. Let a be (-84)/(-9) - (-8)/12. Suppose 4*o + a - 38 = 0. What is s(o)?
8
Let h be (-4)/30 + 64/30. Suppose -4*y - h = 22. Let a(u) = -u**2 - 8*u + 6. Give a(y).
18
Let k(u) = -5*u**2 - 2*u + 3. Let x be (-38)/8 + (-3)/12. Let g be (x - (2 - 0))*-1. Let c(a) = -3*a**2 - a + 2. Let q(o) = g*c(o) - 4*k(o). Give q(4).
-10
Let h = 130 + -131. Let m(y) = -3. Let p(z) = -z + 4. Let u(s) = -4*m(s) - 3*p(s). Calculate u(h).
-3
Suppose -20 = -5*m + 40. Let z(p) = -17 - m - 12 + p + 30. What is z(6)?
-5
Let g be (-2)/7 - (-120)/(-21). Let j be -1 + 2 + -2 + 3. Let d(t) = 4 + t**2 - 7*t + t - 3*t**2 + t**j. Calculate d(g).
4
Let x be (-7)/(-2) + 2/(-4). Suppose 3*w - x = 6*w. Let u(o) = o + 1. Give u(w).
0
Let x(k) = -580 + 3*k + 0*k - k + 578. Determine x(8).
14
Let i(m) be the third derivative of -6*m**2 - 2/3*m**3 + 0 + 0*m - 1/24*m**4. Determine i(-5).
1
Let c(m) = -m**2 + 10*m + 12*m**2 + m**3 - 2045 + 2043. Give c(-10).
-2
Let v(g) = -g**3 - 7*g**2 - 14*g - 9. Suppose -15*o = 14 + 46. Calculate v(o).
-1
Let w(c) be the second derivative of -c**5/20 - 7*c**4/12 - c**3/3 - 2*c**2 + 3*c + 28. Calculate w(-5).
-44
Let y(m) be the second derivative of m**3/6 - m**2 - 6*m - 10. Calculate y(-7).
-9
Let l(i) = -13*i**3 + 7*i**2 + 11*i + 16. Let q(b) = -37*b**3 + 21*b**2 + 32*b + 47. Let w(a) = -17*l(a) + 6*q(a). Determine w(8).
-14
Let i(p) = -p - 5. Let y be i(4). Let f(j) = 5*j**3 - 8*j**2 + 64*j + 8. Let a(n) = -3*n**3 + 6*n**2 - 41*n - 5. Let o(m) = -8*a(m) - 5*f(m). Calculate o(y).
9
Let h(d) = d - 14. Suppose -82*t = -74*t. Calculate h(t).
-14
Let u(x) be the second derivative of -x**3/6 + 6*x**2 - 34*x - 2. Determine u(4).
8
Let u = 2 + 0. Suppose 0 = x - 3*c - 14, 5*x - 35 - 2 = 4*c. Let h(v) = -2 - v - 6*v + 3*v - x*v**2 - v**3 - u*v**2. What is h(-6)?
-14
Suppose 9 = -2*t - 3*h, 5 = h + 6. Let u(g) = -2*g**2 - g + 4. Determine u(t).
-11
Let m(z) = -433*z - 9 + 22 + z**2 + 418*z. Let d be m(14). Let f(w) be the third derivative of w**4/24 + w**3/3 + w**2. Determine f(d).
1
Let k(g) = -5*g**2 + 4*g + 6. Let a(y) = -7*y**2 + 4*y + 7. Let s(c) = -3*a(c) + 4*k(c). Calculate s(-2).
-1
Let n be (25/(-4))/5*8. Suppose -q = 2*o + 12, 4*q + 7*o = 4*o - 53. Let i = n - q. Let g(w) = -w**3 + 4*w**2 + 1. Determine g(i).
1
Let r = -3260 - -3259. Let y(b) = 4*b - 1 - 4*b + 4*b**2. Calculate y(r).
3
Let f(w) = 35*w - 19. Let y(n) = -26*n + 19. Let h(q) = -3*f(q) - 4*y(q). Let x be 0/((1 + 0)*-1). Determine h(x).
-19
Let n = 297 + -294. Let v(h) be the second derivative of 1/6*h**n - 2*h - 3/2*h**2 + 0. What is v(-4)?
-7
Let v(l) = -13*l**3 + 10*l**2 + 3*l - 4. Let u(y) = -11*y**3 + 9*y**2 + 2*y - 3. Let p(o) = 6*u(o) - 5*v(o). Give p(2).
4
Let o be (-3)/(-9) - (-34)/6. Let c(a) be the second derivative of -a**5/20 + a**4/2 + a**3/6 - a**2 + 152*a. Calculate c(o).
4
Let n(b) be the third derivative of -b**6/120 + 17*b**3/3 - 7*b**2. Let i(t) be the first derivative of n(t). Determine i(-2).
-12
Let q(i) = 54*i - 10. Let a(z) = 25*z - 5. Let p(s) = 13*a(s) - 6*q(s). What is p(-8)?
-13
Let f be ((-16)/(-20))/((-4)/(-10)). Suppose -f*d - 11 = 3. Let o = 12 + d. Let b(x) = x**3 - 5*x**2 - x - 1. Give b(o).
-6
Suppose -c = 3 - 2. Let m(k) = 6*k - 1. Let w be m(c). Let q(h) be the first derivative of h**4/4 + 8*h**3/3 + 9*h**2/2 + 10*h - 123. Calculate q(w).
-4
Let u(t) = -6*t**2 - 4*t - 3. Let g = 12 + -15. Let r(l) = -l**2 + l + 1. Let y(w) = g*r(w) - u(w). Calculate y(1).
10
Let y be 0 - (-6)/3 - 0. Suppose h + p + y*p - 11 = 0, 5*p - 15 = -5*h. Let l be 2 + h + -2 - -3. Let n(f) = -f + 4. Give n(l).
2
Let a(w) = -3*w - 6. Suppose 92*n = 100*n + 64. Give a(n).
18
Let i(s) = 0*s**2 + 8*s + 2*s**2 - 3*s**2 + 3 - 6*s + 4. Give i(-3).
-8
Suppose 3*z = 3*z - 3*z. Let i(l) = z*l - 5 + 8*l**2 - 4*l - 4*l**2 - 5*l**2. Give i(-4).
-5
Let q(n) = n**2 - 8*n - 2. Let l = -32 - -41. What is q(l)?
7
Suppose k + 0*k = -1, 0 = -2*y + 3*k + 9. Let p(d) = d**3 - 4*d**2 - d - 3. Calculate p(y).
-15
Let c = 688 - 696. Let x(f) = 2*f - 8. Calculate x(c).
-24
Let k(z) = -z**3 + 7*z**2 + 17. Let l be ((-420)/120)/((-3)/(-6) + -1). Give k(l).
17
Let f(g) be the second derivative of -g**3/6 + 5*g**2/2 - g. Let b be (0 + 35/(-21))*(-3)/(-1). Calculate f(b).
10
Let q(k) = 5*k**2 - 1. Let g(r) = -11*r**2 + r + 3. Let i(v) = 4*g(v) + 9*q(v). Let z = -2736 + 2730. Calculate i(z).
15
Let y = 2484 - 2494. Let s(k) = -k**2 - 12*k - 2. What is s(y)?
18
Let m(c) be the second derivative of -c**4/12 - 2*c**3/3 + c**2/2 - 109*c. Calculate m(-7).
-20
Let f = -105 + 108. Let w(y) = -4*y - 7 - 5*y**2 - y**3 + f*y**2 + 2*y - 3*y**2. Calculate w(-5).
3
Let r(a) be the second derivative of 0 - 2/3*a**3 - 1